16
-6
Convert -4c (base 13) to base 14.
-48
256 (base 8) to base 9
213
Convert -12 (base 4) to base 15.
-6
Convert 10 (base 2) to base 8.
2
26 (base 8) to base 9
24
What is -23 (base 4) in base 10?
-11
Convert 1 (base 9) to base 10.
1
What is -1 (base 15) in base 2?
-1
What is 101 (base 7) in base 11?
46
Convert -80 (base 11) to base 10.
-88
What is -450 (base 7) in base 4?
-3213
12 (base 6) to base 12
8
Convert 10011 (base 2) to base 13.
16
Convert -14 (base 8) to base 4.
-30
Convert 2 (base 13) to base 8.
2
1 (base 6) to base 15
1
-1 (base 6) to base 12
-1
41 (base 6) to base 12
21
-11 (base 2) to base 4
-3
-12 (base 16) to base 12
-16
Convert -4 (base 12) to base 4.
-10
Convert -20 (base 9) to base 3.
-200
Convert 4 (base 9) to base 2.
100
What is 9 (base 11) in base 8?
11
-1 (base 2) to base 9
-1
4 (base 11) to base 2
100
-1 (base 12) to base 14
-1
-1 (base 15) to base 10
-1
What is 13 (base 7) in base 10?
10
What is 10 (base 9) in base 8?
11
Convert 19 (base 10) to base 12.
17
What is 2 (base 7) in base 2?
10
8a (base 16) to base 8
212
Convert 10 (base 4) to base 6.
4
-11 (base 8) to base 4
-21
What is 10 (base 3) in base 13?
3
14 (base 7) to base 11
10
Convert -2d (base 15) to base 12.
-37
What is 7 (base 8) in base 12?
7
What is -434 (base 6) in base 7?
-325
2 (base 3) to base 5
2
-204 (base 6) to base 12
-64
-66 (base 7) to base 15
-33
50 (base 11) to base 16
37
-35 (base 14) to base 5
-142
0 (base 3) to base 12
0
Convert -3 (base 12) to base 5.
-3
1d (base 14) to base 12
23
-16 (base 8) to base 12
-12
-1 (base 14) to base 8
-1
What is -82 (base 9) in base 13?
-59
What is 4 (base 12) in base 10?
4
-4 (base 12) to base 4
-10
What is -123 (base 5) in base 11?
-35
-101 (base 2) to base 16
-5
Convert -3 (base 15) to base 7.
-3
Convert 331 (base 7) to base 16.
a9
What is 3 (base 5) in base 11?
3
-7 (base 15) to base 3
-21
Convert -88 (base 11) to base 4.
-1200
3 (base 8) to base 9
3
What is -58 (base 16) in base 11?
-80
1 (base 7) to base 8
1
Convert -10 (base 3) to base 16.
-3
Convert 1 (base 8) to base 6.
1
Convert 112 (base 4) to base 2.
10110
What is 0 (base 15) in base 5?
0
Convert -2 (base 5) to base 16.
-2
What is 1a (base 14) in base 5?
44
Convert 110 (base 3) to base 10.
12
3 (base 11) to base 2
11
What is 0 (base 12) in base 2?
0
What is 11100010 (base 2) in base 16?
e2
What is 12002 (base 3) in base 12?
b5
8 (base 14) to base 12
8
Convert -30 (base 10) to base 5.
-110
10 (base 16) to base 7
22
What is 1 (base 9) in base 6?
1
What is -2211 (base 4) in base 13?
-c9
What is -1 (base 10) in base 15?
-1
-c (base 16) to base 6
-20
What is 17 (base 12) in base 7?
25
What is 7 (base 9) in base 6?
11
Convert -17 (base 8) to base 11.
-14
Convert -313 (base 4) to base 15.
-3a
35 (base 6) to base 10
23
Convert 6 (base 15) to base 6.
10
What is 0 (base 12) in base 16?
0
What is -24 (base 14) in base 10?
-32
11011110 (base 2) to base 12
166
Convert -10 (base 4) to base 6.
-4
What is b (base 12) in base 5?
21
Convert 12 (base 15) to base 9.
18
What is 1331 (base 4) in base 5?
1000
-101 (base 2) to base 13
-5
What is 16 (base 9) in base 15?
10
What is -5 (base 15) in base 3?
-12
What is 11 (base 11) in base 13?
c
-1 (base 7) to base 15
-1
Convert 17 (base 9) to base 8.
20
Convert -1000 (base 2) to base 4.
-20
What is 1 (base 7) in base 12?
1
Convert -3 (base 8) to base 5.
-3
Convert -1 (base 2) to base 14.
-1
Convert -14d (base 16) to base 2.
-101001101
Convert 11110 (base 2) to base 12.
26
-4 (base 10) to base 14
-4
Convert -10 (base 2) to base 12.
-2
3 (base 7) to base 12
3
Convert -3 (base 8) to base 11.
-3
-5 (base 12) to base 13
-5
What is -2 (base 16) in base 7?
-2
1 (base 6) to base 14
1
What is 1 (base 10) in base 5?
1
Convert -11 (base 2) to base 4.
-3
Convert -17 (base 8) to base 12.
-13
What is -104 (base 9) in base 8?
-125
Convert 139 (base 15) to base 13.
186
Convert -1 (base 10) to base 6.
-1
101 (base 2) to base 9
5
Convert -7 (base 13) to base 12.
-7
Convert -1100 (base 2) to base 11.
-11
1110110 (base 2) to base 9
141
Convert -11 (base 3) to base 13.
-4
6 (base 11) to base 3
20
What is 3 (base 8) in base 11?
3
5 (base 8) to base 16
5
What is 15 (base 11) in base 16?
10
6 (base 8) to base 10
6
2c (base 15) to base 4
222
-34 (base 16) to base 8
-64
Convert -1 (base 8) to base 5.
-1
-1 (base 16) to base 6
-1
45 (base 11) to base 9
54
-1 (base 15) to base 11
-1
What is -45 (base 8) in base 10?
-37
464 (base 8) to base 2
100110100
1 (base 12) to base 5
1
What is -24 (base 15) in base 13?
-28
What is 1 (base 6) in base 2?
1
Convert 37 (base 11) to base 12.
34
Convert 39 (base 12) to base 16.
2d
-100 (base 9) to base 12
-69
104 (base 6) to base 8
50
Convert 12d (base 15) to base 14.
152
5 (base 9) to base 6
5
-1310 (base 5) to base 15
-da
What is 1431 (base 6) in base 10?
379
What is -c1 (base 15) in base 11?
-155
What is -b4 (base 12) in base 6?
-344
What is 32 (base 4) in base 8?
16
-17 (base 13) to base 7
-26
What is 0 (base 8) in base 10?
0
Convert -10000 (base 2) to base 8.
-20
-2 (base 9) to base 4
-2
What is 8 (base 12) in base 4?
20
What is -45 (base 12) in base 7?
-104
Convert 1 (base 2) to base 9.
1
Convert -33 (base 4) to base 7.
-21
51 (base 10) to base 14
39
Convert 20 (base 5) to base 14.
a
What is 20 (base 15) in base 2?
11110
Convert 45 (base 14) to base 11.
56
111 (base 3) to base 6
21
16 (base 7) to base 10
13
Convert -15 (base 6) to base 16.
-b
Convert -21 (base 8) to base 9.
-18
-84 (base 9) to base 11
-6a
Convert -65 (base 8) to base 7.
-104
5 (base 16) to base 2
101
What is -110 (base 5) in base 2?
-11110
Convert -58 (base 9) to base 7.
-104
What is 10 (base 3) in base 12?
3
-11 (base 2) to base 14
-3
Convert 100 (base 3) to base 13.
9
Convert -81 (base 9) to base 15.
-4d
Convert -13 (base 9) to base 11.
-11
Convert 1 (base 10) to base 14.
1
-1 (base 14) to base 5
-1
What is -1 (base 4) in base 11?
-1
Convert -1 (base 5) to base 4.
-1
1100 (base 2) to base 6
20
What is 81 (base 9) in base 16?
49
-11 (base 2) to base 16
-3
What is 32 (base 5) in base 14?
13
What is 142 (base 11) in base 9?
205
Convert 15 (base 8) to base 3.
111
What is 1 (base 10) in base 13?
1
Convert 7 (base 14) to base 9.
7
Convert -2 (base 6) to base 3.
-2
Convert 100100110 (base 2) to base 12.
206
-b3 (base 16) to base 2
-10110011
What is 81 (base 13) in base 10?
105
What is -11 (base 3) in base 8?
-4
Convert -37 (base 8) to base 11.
-29
Convert 4 (base 5) to base 12.
4
What is 0 (base 14) in base 8?
0
a0 (base 14) to base 9
165
-2 (base 3) to base 16
-2
Convert -12 (base 16) to base 2.
-10010
Convert -131 (base 4) to base 14.
-21
Convert -4 (base 7) to base 4.
-10
-7d (base 14) to base 8
-157
-5 (base 8) to base 10
-5
What is 1 (base 6) in base 12?
1
What is 145 (base 6) in base 7?
122
Convert -1 (base 15) to base 16.
-1
0 (base 9) to base 13
0
43 (base 12) to base 8
63
7 (base 13) to base 15
7
11 (base 2) to base 9
3
What is d1 (base 16) in base 6?
545
-39 (base 10) to base 13
-30
Convert -22 (base 7) to base 10.
-16
What is -11 (base 8) in base 3?
-100
What is -1 (base 3) in base 2?
-1
Convert 3 (base 12) to base 8.
3
Convert -4 (base 14) to base 4.
-10
-2014 (base 5) to base 13
-16c
What is -354 (base 7) in base 4?
-2322
Convert 88 (base 10) to base 3.
10021
12 (base 12) to base 5
24
What is 3 (base 9) in base 16?
3
What is -15 (base 11) in base 2?
-10000
Convert -3231 (base 4) to base 9.
-283
What is 1 (base 9) in base 11?
1
Convert 21 (base 6) to base 13.
10
-3 (base 13) to base 9
-3
Convert 4 (base 9) to base 3.
11
0 (base 2) to base 15
0
-125 (base 6) to base 11
-49
Convert 7 (base 16) to base 9.
7
-4 (base 7) to base 9
-4
-1 (base 10) to base 14
-1
Convert b (base 15) to base 12.
b
1 (base 11) to base 12
1
Convert 3 (base 14) to base 11.
3
What is 32 (base 4) in base 15?
e
84 (base 15) to base 11
103
What is -3 (base 6) in base 5?
-3
What is 1110101 (base 2) in base 14?
85
What is -14 (base 6) in base 13?
-a
Convert 3 (base 11) to base 3.
10
What is 5 (base 11) in base 9?
5
-2021 (base 3) to base 11
-56
-2 (base 6) to base 8
-2
What is -46 (base 9) in base 2?
-101010
67 (base 10) to base 15
47
-7 (base 15) to base 12
-7
32 (base 9) to base 4
131
Convert -138 (base 9) to base 7.
-224
What is -5 (base 12) in base 16?
-5
Convert -3 